culate v(-8).
-9
Suppose -4*v + 27 - 27 = 0. Let q(o) = -8*o + 10*o + v*o**3 + o**3 + 1 + o**2. Calculate q(-2).
-7
Let i be -2*(0 + 3/(-2)). Let v = -1 + i. Let g(o) be the second derivative of -o**5/20 - o**4/12 + o**3/6 - 209*o - 3. Calculate g(v).
-10
Suppose 9 + 7 = -2*c - 5*k, -4*c - 22 = 5*k. Let g(d) = d**3 + 6*d**2 + 2*d. Let b(l) = -2*l**3 - 13*l**2 - 3*l. Let t(f) = -2*b(f) - 5*g(f). Give t(c).
3
Let v be (21/12 - (-3)/12) + -3. Let d be (v + 3)/(2/(-4)) - -10. Let l(x) be the third derivative of x**4/8 - 3*x**3/2 - 2*x**2. Determine l(d).
9
Let o(r) = -25*r**2 - 19*r - 8. Let s(n) = -9*n**2 - 6*n - 3. Let p(a) = -4*o(a) + 11*s(a). Calculate p(-10).
-1
Let g(h) = h**3 - 7*h**2 - 7*h. Let f = 34 - 26. Calculate g(f).
8
Let l(c) = -c**2 - 2*c + 49. Let w(h) = -191*h - 573. Let y be w(-3). Give l(y).
49
Let a(w) = 6*w**3 - w**2 + 2*w - 1. Let q be (-4)/(-14) + 27/(-21). Let v(r) = -2*r**3 - 2*r**2 - 2*r - 1. Let d be v(q). Give a(d).
6
Suppose -3*t + 2*t + 2 = 0. Let b be -2*1/(-4)*t. Let o be b/(-3)*-3*2. Let p(r) = 2*r + 2. What is p(o)?
6
Let y(x) = 4*x**3 + 2*x**2 + 13*x - 8. Let f(n) = 2*n**3 + 2*n**2 + 6*n - 4. Let r(h) = 5*f(h) - 2*y(h). What is r(-3)?
-16
Let p(i) = 4*i**2 - i + 3. Let f(k) = -19*k**2 + 4*k - 13. Let o(d) = -2*f(d) - 9*p(d). Determine o(-2).
5
Let p(h) = h**2 - 8 - 3*h**2 - 2*h**2 - 11*h + 3*h**2 + h. Calculate p(-10).
-8
Let t(n) = 8*n**2 - 5*n. Let c(h) = -4*h**2 + 3*h. Let i(p) = -5*c(p) - 3*t(p). Let j be (-40)/15 + (-4)/(-6). Determine i(j).
-16
Let y(q) = -12*q**3 - 5*q + 4*q**3 - 5*q**3. Let l(k) be the third derivative of k**6/40 + k**4/24 + k**2. Let u(x) = 9*l(x) + 2*y(x). Give u(-2).
-6
Let p(b) be the first derivative of b**6/360 + b**5/24 + b**4/4 + b**3 + 3. Let w(q) be the third derivative of p(q). Suppose 9 = 5*c + 29. What is w(c)?
2
Let y(n) be the third derivative of n**4/24 - 11*n**3/6 + 305*n**2. What is y(7)?
-4
Suppose 5*v + 4*f + 633 = 0, v + 3*f + 54 = -66. Let i = v - -126. Let b(n) = -n**3 - 3*n**2 + 2*n + 1. Determine b(i).
-5
Suppose -j - 8 = 3*r, -25 = -6*j + j - 2*r. Let d(a) = 1 + 5*a**2 - a**2 + j*a - 3*a**2 + 6. Calculate d(-7).
7
Let a(n) = 9*n - 165. Let p be a(19). Let z(c) = -c**3 + 5*c**2. What is z(p)?
-36
Let j(u) = -2*u - 5. Let o(i) = 0*i - 2*i + 23 + 31 - 56. Let h(k) = k**3 - 2*k**2 + 2*k - 2. Let d be h(2). Let r be o(d). Give j(r).
7
Let h(m) = 2*m**2 + 2. Let o(d) = 13*d**2 + 9*d + 3. Let j(w) = -6*h(w) + o(w). What is j(-10)?
1
Suppose -17*z = 53 + 32. Let o(f) = f - 5. Give o(z).
-10
Let v(f) be the first derivative of -f**4/24 + f**3/2 - 10*f**2 - 31. Let j(k) be the second derivative of v(k). Determine j(6).
-3
Let z(s) = -6989 + 6991 + s + 3*s. Calculate z(5).
22
Let v(p) = -p**3 - p**2 + 2*p + 2. Let w be v(-2). Let s(h) = -2*h**2 + h**3 - 7*h + 0*h**3 + 2 - 3*h**w + 11*h**2. Give s(-7).
2
Let n(b) = -12 - 12 - 2*b + 13 - 14. What is n(-7)?
-11
Let w(p) = 6*p - 5*p - 2 - 5 + 0. Determine w(7).
0
Let j be 2/(2 + 0 + 0). Let y(b) be the third derivative of 1/20*b**5 + 0 - 1/6*b**3 + 1/24*b**4 + 0*b - 10*b**2. Calculate y(j).
3
Let n(r) = -3*r**3 + 6*r**2 - 2*r. Let c(h) = -h**3 + h**2 + 1. Let i(k) = 2*c(k) - n(k). Let m(d) = -20*d - 518. Let g be m(-26). Determine i(g).
-2
Let r(n) = -n**2 - 11*n - 19. Suppose 30 = -7*m + 2*m. Give r(m).
11
Let m(v) = 8*v - 12. Suppose -372 = 13*t - 411. Give m(t).
12
Let c(j) be the first derivative of -j**2 + 8*j - 1. Suppose 4*m - 2 = 34. Suppose 14 = 4*i + u - m, 17 = 3*i + u. What is c(i)?
-4
Let g(x) = -7*x - 6. Let t(m) = 15*m + 13. Let r(i) = 9*g(i) + 4*t(i). Determine r(-3).
7
Let k(u) = 27*u - 2. Let j(f) = -19*f + 1. Let g(w) = -7*j(w) - 5*k(w). Suppose 0 = -4*x + 3*m - 24, 4*x + x = m - 19. Give g(x).
9
Let d(v) = -1 + 1718*v - 1732*v + 0 - v**2. What is d(-12)?
23
Let m = -151 + 148. Let t(g) be the second derivative of -g**5/60 + 4*g**3/3 - 3*g. Let f(p) be the second derivative of t(p). Calculate f(m).
6
Let y(k) = 5*k**3 - 2*k**2 + 1. Suppose -3*g - 3*t + 14 = 2, t - 4 = 0. Suppose 4*d - 2 + 6 = g. Calculate y(d).
-6
Let w(n) = n**3 - 3*n**2 - 3*n + 1. Let l(d) be the first derivative of -d**2/2 - 6. Let i be l(-2). Let m be (7/21)/(i/18). Give w(m).
-8
Let s = -2 + -1. Let b(h) be the first derivative of h**4/4 + 5*h**3/3 + 5*h**2/2 + 2*h + 10. Calculate b(s).
5
Suppose 23*a - 36*a = 52. Let m(f) = 3*f + 6. Give m(a).
-6
Let u be (-12 - 165/(-11))*2/(-3). Let c(j) = -3 + 1 + 4*j**2 + 1 + j - 1. What is c(u)?
12
Let w(c) = 7*c - 1. Suppose -292 = 2*a - 284. Give w(a).
-29
Let g(n) = 2*n**2 - 3 + 2*n + 2*n - n**2. Let y(a) be the first derivative of 4*a**2 + 26*a - 14. Let q be y(-4). Determine g(q).
9
Let a(y) = -9*y**3 + 24*y**2 - 15*y + 7. Let u(s) = 5*s**3 - 12*s**2 + 7*s - 4. Let m(v) = -6*a(v) - 11*u(v). Let n = -1605 - -1592. Determine m(n).
2
Let f(p) = 7*p**2 + 46*p + 11. Let t(l) = -8*l**2 - 53*l - 12. Let z(s) = 7*f(s) + 6*t(s). Let i be (1/(-2))/(2/20). Determine z(i).
10
Let i(f) be the second derivative of -f**5/20 + f**4/6 - f**3/3 - f**2 + 6*f. Suppose -p - 2*p + 6 = 3*d, -4*d = -p - 13. What is i(d)?
-17
Let p be 26 - (2/(-3))/(8/12). Let y = -24 + p. Let l(v) = -v**3 + v**2 + 3*v. Determine l(y).
-9
Let d(s) = -20*s - 512. Let m be d(-26). Let b(n) = 4*n - 37. Determine b(m).
-5
Let m(s) be the second derivative of -s**4/12 + 4*s**2 - s. Suppose 3*t = 7*t, -2*t = d + 6. Calculate m(d).
-28
Let u be 76/8*(-2)/1. Let t = 20 - -5. Let p = t + u. Let k(h) = h**3 - 5*h**2 - 8*h + 5. Give k(p).
-7
Suppose 4*t + 4*n = -16, -4*t = t - n + 20. Let a = -1975 - -1979. Let s be a + (0 - t - 6). Let v(w) = -2*w**2 + w. What is v(s)?
-6
Let f(s) = s**2 + 2*s - 2. Let p be (-18)/((1/(-1))/(-1)). Let h be (-3 - (0 + p)) + -2. Let u = 15 - h. Give f(u).
6
Let m(d) = 6*d + 259 + d**2 - 275 - 2*d**2. What is m(4)?
-8
Let g(l) be the third derivative of -l**4/8 - l**3 - l**2. Let c be 4/(5 - 59/12). Let t = -54 + c. What is g(t)?
12
Let b(s) = s**2 + 6*s - 7. Suppose 3*h + 35 = -2*h. Calculate b(h).
0
Let q(j) = -3*j + 2. Let r be q(-2). Suppose -5*o - 2 = z + r, -5*o = -2*z - 20. Let c be (-6)/(-5)*z/(-4). Let i(b) = -2*b. Calculate i(c).
-6
Let r be -7*1*1*22/(-77). Let u(x) = -x**3 + 2*x**2 - 3*x + 2. Determine u(r).
-4
Let d(a) = -a. Let h be (-4)/1 - (7 - 13). Suppose -4 = 3*j - 7*j, -j = -h*n - 7. Determine d(n).
3
Let x be (-12)/(-3) + (627/(-18))/11. Let n(d) be the third derivative of 0*d + x*d**3 - 1/4*d**4 - 1/20*d**5 + 0 - 12*d**2 + 1/120*d**6. Give n(4).
-3
Let n(u) be the second derivative of u**3/6 + 11*u**2/2 + 723*u. Give n(-6).
5
Let w(a) be the second derivative of 13*a**3/6 + a**2/2 - 43*a. Determine w(2).
27
Let a(k) = -2*k + 1. Let y(z) = -z**2 - 4*z - 3. Suppose 4 + 0 = -2*h. Let q be y(h). Suppose 4*f = u - q, 0 = -5*f - 3*u - 0*u - 14. Give a(f).
3
Let x(m) = 2*m**2 + 13*m + 11. Suppose 40 = -999*g + 994*g. Determine x(g).
35
Let f(x) = x**3 - 7*x**2 + 3*x - 16. Let w be f(7). Suppose 1 = w*d - 9. Let p(o) be the second derivative of o**3/3 + o**2/2 + 6*o. What is p(d)?
5
Let h(f) = -12*f**3 - 10*f**2 + f + 2. Let p(g) = -5*g**3 - 5*g**2 + g + 1. Let m(a) = 2*h(a) - 5*p(a). Calculate m(-4).
27
Let d(m) = 2*m - 127 + 386 - 125 - 123. Calculate d(-7).
-3
Let n be (-162)/(-21) + (-6)/(-21). Let c be ((-36)/(-8))/(6/n). Let x(a) = -a**2 + 6*a - 9. Determine x(c).
-9
Let q(m) = m + 2. Let b be q(2). Let r = b - 6. Let g be (-6)/4*r/(-3). Let c(u) = 9*u**2 + 1. Calculate c(g).
10
Suppose -11 = -3*f - 0*n + 5*n, -3*n - 5 = -f. Let c(r) = -2*r**2 + 3*r - 3. Determine c(f).
-5
Let p(o) = -o**2 - o**3 + 0*o**2 + 0*o**2. Let c be p(-2). Suppose c*u - 13 - 11 = 0. Let a(v) = -v**2 + 9*v - 4. What is a(u)?
14
Let z(m) = -m**3 - 18*m**2 + 20*m + 17. Let g(d) = 2*d**2 - 31*d + 86. Let y be g(5). Determine z(y).
-2
Let i be 25/10 + 2 + 21/(-6). Let m(o) = 2*o - 1. Give m(i).
1
Let o(m) = m**2 - 12*m + 9. Let t(w) = 13*w - 8*w**2 - 9 + 7*w**2 + 5 - 6. Let b(k) = -5*o(k) - 4*t(k). Determine b(7).
2
Let c be 2/(1/(-2)*-8). Let o(t) be the second derivative of -t**3 - 1/20*t**5 - t + t**2 + c*t**4 + 0. What is o(4)?
10
Suppose m - 35 = -4*m. Let h(v) = v + 26. Let x(p) = p + 13. Let g(q) = m*x(q) - 3*h(q). Let i(y) = -2*y - 7. Let c(k) = 4*g(k) + 7*i(k). What is c(-3)?
-3
Suppose -4*h - 5*b - 11 = 0, 5*